t q(s) = s + 3. Calculate q(j).
-5
Let g(x) be the third derivative of x**6/12 + x**4/24 + 395*x**2. Give g(1).
11
Let b(r) = -5*r**3 + 2*r**2 - 1. Let i(x) = -2*x - 5*x**2 - 26 - x**3 - x + 23 - 2*x. Suppose 4*s - 31 = 3*k - 11, 4*k - 5*s = -26. Let d be i(k). What is b(d)?
-4
Suppose 150 = -u + 6*u. Let j = -35 + u. Let l(a) = a**3 + 4*a**2 - 3*a + 5. Give l(j).
-5
Let s(h) be the second derivative of h**5/10 - h**4/12 + h**3/3 - 17*h**2/2 + 17*h. Let n(q) be the first derivative of s(q). What is n(2)?
22
Suppose 0 = -4*w + w + 9. Let q be 4 - (4 + 1) - -2. Let m(c) = -2*c + 2 + 2*c**2 - q + 2 - c**2. Calculate m(w).
6
Suppose 11*g = -136 + 26. Let a(l) = l**3 + 11*l**2 + 12*l + 15. Determine a(g).
-5
Let b(t) = -2*t**2 - 19*t. Let a be 9/(18/(-16)) - 1. Let o be b(a). Let w(r) = r**3 - 10*r**2 + 8*r. Calculate w(o).
-9
Let m(h) = 3 + 57*h - 122*h + 64*h - 8. Determine m(6).
-11
Let t(x) = -5*x - 28. Suppose -2*k - 18 = 2*k + 2*o, 2*k + 34 = 4*o. Let v be t(k). Let i(n) = 9 + 3*n**3 - 3*n**3 - 6*n**2 + n**3 - 8*n. Determine i(v).
2
Suppose -4*t + 0*t - 2*f = -10, 4*f - 20 = -3*t. Suppose 3*b + t*b = -n + 4, 5*b - 20 = 5*n. Let s(x) = 29 + 2*x - x**b - 29. Give s(4).
-8
Let m(k) = -k + 7. Suppose 5*b - 69 = 4*j + 66, -3*b + 5*j + 68 = 0. Let d = b + -31. Give m(d).
7
Let i = -6 + 10. Let v(x) = -x**3 + 3*x**2 - 5*x - 1. Give v(i).
-37
Let k(s) be the second derivative of s**5/10 + s**4/12 + s**3/6 - s**2/2 - 3*s - 127. What is k(1)?
3
Let s(h) = 2*h**2 + 16 + 27*h - 21*h + 11 - 24. Determine s(-6).
39
Let w(q) = 22*q + 1. Suppose -477*v = -474*v - 6. What is w(v)?
45
Let p(r) = -r - 4. Let x(a) = -a**3 + 2*a**2 - 5*a - 5 - 2*a - 9*a**2. Let c be x(-6). Suppose 5*j - 21 = -4*b, -b + 11*j = 6*j + c. Calculate p(b).
-8
Let f be 1 - (2 - 0/3). Let k(g) = 15*g + 1. Calculate k(f).
-14
Suppose 32*o + 144 + 80 = 0. Let f(z) = -z**2 - 11*z - 10. What is f(o)?
18
Suppose -2*m = -3*m - 5. Let i = 15 + m. Let d(f) = f**2 - 9*f - 6. Let w be d(i). Let j(x) = -x**3 + 5*x**2 - 2*x. What is j(w)?
8
Suppose -k + 12 = 7*n - 12*n, -4*n - 18 = 2*k. Let a(p) = 2*p + 3. Determine a(n).
-3
Let c(q) = -3*q**2 - 3*q - 1. Let d = -15 + 33. Let n = d - 20. Calculate c(n).
-7
Let o(j) = -2*j**3 - 3*j + 5*j**2 + j**3 + 0*j + 3. Let y(w) = -w - 3. Let g be y(-7). Calculate o(g).
7
Let j(s) = -9*s - 2. Let u be j(-2). Let g = u + -16. Let c(q) = -q**2 + g*q + 0*q - 2*q**3 + 3*q**3. Give c(1).
0
Let m(o) = 7*o - 22. Let q(s) = 4*s - 11. Let p(g) = -3*m(g) + 5*q(g). Calculate p(7).
4
Let b(j) = j**3 + 7*j**2 + 6*j + 4. Let x be b(-6). Suppose -2*t - x = 3*d + 11, 25 = t - 5*d. Let l(g) = -g + 2. Give l(t).
2
Suppose 2*l - a = 182, 4*a - 6*a = 4. Let q be 2 + (-14)/10 + (-54)/l. Let s(i) = i**3 + i**2 - i - 15. What is s(q)?
-15
Let o(k) = 1207 - 1208 + k**2 + 11*k**2. Determine o(1).
11
Let c(u) = -2*u - 24. Let y be c(-12). Let r(b) be the first derivative of b**4/4 + b**3/3 - b**2/2 - b - 1. Determine r(y).
-1
Let r = 70 + -35. Let j be 1*((-5)/(-2))/((-12)/(-24)). Let z(p) = 31 - 2*p + j*p - r - p. Determine z(-3).
-10
Suppose -4*i - 5*w + 5 = -3, -3*w = 0. Suppose -i*d = c - 41, -5*d + 3*c = -2*c - 65. Let z = 15 - d. Let k(h) = h**2 + h + 3. Calculate k(z).
9
Let m(x) = x**3 + x**2 - x - 1. Let g(s) = -2*s**3 + s**2 - s - 1. Let n(j) = g(j) - m(j). What is n(1)?
-3
Let k(j) be the first derivative of j**2 - 9*j - 94. What is k(5)?
1
Let t(s) = 3*s**2 - 4*s**2 + 0*s - 2*s**2 + 3 + 16*s + 4*s**2. Calculate t(-16).
3
Let p(u) = 10*u**2. Suppose 5*f + 790 = -0*f. Let s = f - -70. Let m be (-4)/22 - 104/s. Give p(m).
10
Suppose -2311*y - 22 = -2289*y. Let z(x) be the second derivative of -x**4/2 + x**2/2 + x. Determine z(y).
-5
Let v(l) = -l + 4*l**2 + 4 + l**3 + 7 - 17. Determine v(-4).
-2
Let c(i) be the second derivative of -i**5/20 + 5*i**4/12 + i**3/2 + 2*i + 2. Give c(5).
15
Let y(k) be the first derivative of -4*k**2 - k - 645. What is y(-2)?
15
Let m(x) = 6*x + 8. Suppose -14*k = -14*k - 10*k. Give m(k).
8
Suppose u - 24 = -5*y, 0*u + 36 = 4*u + 5*y. Let f(x) = -x**3 + 6*x**2 - 3*x + 1. Determine f(u).
21
Let d = 31 - 30. Let l be 10 - (d + 1) - 3. Let u(f) = 0 - l*f - f - 1 + 2*f. Determine u(2).
-9
Let l(j) be the first derivative of j**2/2 - 2*j - 49. Let y = 8 + -2. What is l(y)?
4
Let n(k) = 3*k. Let b(x) = -x + 9. Let c = 50 - 23. Let q = c - 20. Let w be b(q). Calculate n(w).
6
Let u(z) = -z**3 + 3*z**2 - 3*z + 3. Let o be -4 + (-1 + -1 - -7 - 0). Let t be o/((-12)/(-9) + -1). Calculate u(t).
-6
Let g(c) = 9*c**3 - c**2 - 17*c - 4. Let s(t) = 4*t**3 - 8*t - 2. Let x(o) = 3*g(o) - 7*s(o). Let n be (2 - 0)/((-6)/(-144)). Let j = 44 - n. Give x(j).
-2
Let k(l) = -l**2 - 2*l - 3. Let h = -662 - -665. Determine k(h).
-18
Let h(t) = -785*t + 270*t + 258*t + 259*t - 6. Suppose -k + 10 = 4*u + k, 0 = 5*u + 3*k - 11. Determine h(u).
2
Let u(x) = 7*x**2 - 7 + 21*x - 18 - 3*x**2. Let v(p) = -11*p**2 - 7*p + 8 + 16*p**2 - 6*p**2. Let s(z) = -2*u(z) - 7*v(z). Give s(4).
6
Let q = 29 + -38. Let n = q - -9. Let t(r) = r + 18. Give t(n).
18
Let z(l) = -l**3 + 3*l**2 - 2*l - 1. Let b(s) = s + 4. Let y be b(8). Suppose -4*i = y, 0*i - 30 = -5*w + 5*i. What is z(w)?
-7
Let r be (-16)/(-6) - (-4)/12. Let f(w) = -6 + 0 - 5 + 4 + r*w. Let t = -15 - -21. What is f(t)?
11
Let p be ((7 + -4)/(-3))/(-1). Let z(b) be the third derivative of b**5/12 + b**4/24 - b**3/6 + 19*b**2. Calculate z(p).
5
Let b(v) be the first derivative of -11*v**5/60 - v**4/12 - v**3/6 + 7*v**2 + 1. Let r(s) be the second derivative of b(s). Give r(-1).
-10
Suppose -5*y + 19 + 55 = 2*n, y + 2*n = 10. Let x = y - 11. Suppose -30 = -x*j + 5. Let z(t) = -t**3 + 6*t**2 + 7*t - 3. What is z(j)?
-3
Let m(k) = 8*k - 6. Let r be m(1). Let f(a) = 46 - a + a**r + 3*a - 42. What is f(-3)?
7
Let c(w) = -w**2 + 6*w + 2. Let l be (1/(0 + -2))/((-7)/(-14)). Let j be 3 + (0 - l) + 2. Determine c(j).
2
Let j(i) = 0*i**2 + 3*i + 0 + 2*i**2 - 4 - i. Let q be 94/(-3) - 8/(-6). Let z = 27 + q. What is j(z)?
8
Let r(n) be the second derivative of -n**4/8 - n**3/3 - 17*n**2 - 14*n. Let z(f) be the first derivative of r(f). Calculate z(2).
-8
Suppose 2*z - 3*i = -8, i - 9 = -z - 3. Let j(d) = -2*d**3 + d**2 + d + 1. Calculate j(z).
-9
Let j(r) be the first derivative of r**2/2 + 16*r - 8. Let h be j(-21). Let u(n) be the second derivative of n**4/12 + 7*n**3/6 + 3*n**2/2 - n. Determine u(h).
-7
Let y be (-920)/(-65) - (-5)/((-130)/4). Let t(c) = -c**2 + 15*c - 7. Let i be t(y). Let p(q) = q**3 - 8*q**2 + 6*q - 6. Calculate p(i).
-13
Let m be (-3)/(-6) + ((-2737)/(-14))/(-23). Let n(j) = -j**3 - 10*j**2 - 15*j + 3. Give n(m).
-5
Let y(w) = -5*w**2 + 166*w - 34. Let b be y(33). Let k(x) = -x**3 - x**2 - 2*x - 2. What is k(b)?
0
Let t(x) = x**3 - 6*x**2 - 7*x - 1. Let f be t(7). Let q be f + 9/3 + 1. Let l(g) = -g - 2. Give l(q).
-5
Let f = 321 - 313. Let m(y) = -y**3 + 9*y**2 - 8*y - 6. Determine m(f).
-6
Let y(r) be the second derivative of -r**4/12 - 2*r**3/3 - 423*r. What is y(-6)?
-12
Suppose a - 4 = 4*h + 15, 8 = -4*a - 5*h. Let k(d) = d + 8. Let j be k(-4). Let y(c) = -13 - c**3 + j*c**2 + 5*c + 11 - 2*c**2. Give y(a).
4
Suppose i = -i + l + 9, -5*i + 3*l = -25. Suppose 4*o - 9*h + 8*h - 13 = 0, 5*h + 21 = -i*o. Let k(x) = 6*x**2 - 2*x - 2. What is k(o)?
18
Let s be 0/(-5 + 4 + 4). Let j(f) = -10 - 14 - f + 23. Calculate j(s).
-1
Let q(x) = 209*x + x**3 + 2*x**2 - 93*x - 3 - 122*x. What is q(-4)?
-11
Let o(z) = z**2 + 8*z + 5. Let m be 39/(-4) - 45/(-60). Let a = -3 - m. Let h = 0 - a. Calculate o(h).
-7
Let g(q) = q**2 - 2*q**3 + 610*q - 2*q**3 - 609*q - 1. What is g(-1)?
3
Suppose 2*b = -2*b + 5*v - 9, -4*b + 26 = 2*v. Let r(d) = b + 7 + 1 - 3*d**2 - 14 - 5*d. Calculate r(-3).
-14
Let h(q) = -q**3 - 5*q**2 + 8*q + 4. Suppose 4*i + 24 = i. Suppose 9*u = 143 - 125. Let a = i + u. What is h(a)?
-8
Let o(t) be the first derivative of 6 - 1/8*t**4 + 0*t + 1/60*t**5 - 1/3*t**3 + 0*t**2. Let p(m) be the third derivative of o(m). Give p(6).
9
Let d(f) = f**2 + 2*f**2 + 3*f + 5 - 2*f**2 - 4. Let t = -16 + 30. Let n = t + -18. Give d(n).
5
Let i(h) = -3*h - 11. Suppose -1 = -2*z - 7. Let a be i(z). Let w(u) = -4 - 2*u**2 - 2*u + 6 + 3*u - 2*u**3. Determine w(a).
8
Let v(y) = -y**2 - 6*y + 6. Let q be 2 + 4 - 2/1. Suppose f = -2*n - 